2*r = -m - 68. Let u = r - 58. What are the prime factors of u?
29
Let g(f) = f**3 - f**2 - 4*f - 6. Let k be g(6). Suppose -t - 2*s + 206 = 3*t, -3*t + k = -3*s. What are the prime factors of t?
3, 17
Suppose 0 = 4*z - 0*z. Let v(x) = -6*x + 46. Let s be v(6). Let j = s - z. What are the prime factors of j?
2, 5
Suppose 0 = -3*f - 6 - 3, 5*f + 18 = z. Suppose 2*g + 2*a = z*a + 337, -g + 171 = 2*a. List the prime factors of g.
13
Let q(o) = -73*o + 282. What are the prime factors of q(-28)?
2, 1163
Suppose 8*k + 7*k = 1275. Let y(o) = o**2 + 141. Let z be y(0). Let p = z - k. What are the prime factors of p?
2, 7
Let z(q) = -2*q**3 + 4*q**2 + 8*q + 4. Let f be z(-2). Suppose f*g - 619 = 1. List the prime factors of g.
31
Let i = -10 + 15. Let u be (8 - 2)*-10*(-5)/(-10). Let w = i - u. What are the prime factors of w?
5, 7
Let i(f) = 3*f. Let p be i(-2). Let b(w) = -w - 1. Let y be b(p). Suppose -y*s = -9*s + 36. List the prime factors of s.
3
Let g = 63 + -74. Suppose 0 = -3*i + 2*i - 5. Let j = i - g. List the prime factors of j.
2, 3
Let l = 2638 + 3187. What are the prime factors of l?
5, 233
Let w(x) = 70*x + 189. What are the prime factors of w(9)?
3, 7, 13
Let l(k) = -k**3 - 4*k**2 - k - 102. Let h(z) = -z**3 - 3*z**2 - 103. Let n(y) = -4*h(y) + 3*l(y). What are the prime factors of n(0)?
2, 53
Let r = -219 + 326. Let v = -43 + r. What are the prime factors of v?
2
Let l(r) = 40*r**2 + 1. Suppose 0 = 4*u - 2*u, -3*u - 2 = 2*d. What are the prime factors of l(d)?
41
Let a be (5 - 4)/((-1)/(-22)). Let w be a/10 + 1/(-5). What are the prime factors of 1*(-19*w)/(-2)?
19
Let o = -6174 - -10541. List the prime factors of o.
11, 397
Let q be (-4)/30 + 616/(-105). Let y = -17 - q. Let s = y - -23. What are the prime factors of s?
2, 3
Suppose f + 10 = 8. Let c = 5 + f. Let r = 7 + c. What are the prime factors of r?
2, 5
Let j be 4 + (-2 - 5) - -25. Let y = j - 14. What are the prime factors of y?
2
Let t = 2543 - 2449. What are the prime factors of t?
2, 47
Suppose -5*m - 46 = -3*n - 308, -2*n - 166 = m. List the prime factors of (n/49)/(1/(-21)).
2, 3
Suppose -2*c - 5*z - 5 = 0, -5 = 2*c + 3*z - 2. Let l(i) = i**2 - 3*i + 145. What are the prime factors of l(c)?
5, 29
Let y(p) = -4*p - 3. Let b(s) = -s**3 - 3*s**2 - 2*s - 1. Let g be b(-2). Let h be (2 + g)*-1 + -9. List the prime factors of y(h).
37
Suppose -2*y + 810 = 260. Let k = -165 + y. Suppose 5*u + 3*d = k, -2*u + 62 = 2*d + 14. What are the prime factors of u?
19
Suppose 4*p = -5*k + 1535, 2*k + 0*k - 770 = -2*p. List the prime factors of p.
2, 3, 5, 13
Let o = 1 + 11. Let s be o/(-36) + (-32)/(-6). Suppose 0 = -s*x + 20 + 155. What are the prime factors of x?
5, 7
Let q be (-6)/5*(-820)/(-4). Let u be q/(-8) - 3/(-12). Suppose -13*t = -14*t + u. What are the prime factors of t?
31
Suppose 5*q + 0*h = -h + 2245, 449 = q - 3*h. List the prime factors of q.
449
Suppose -s = 3*c - 2454, -s - 2*c + 3178 - 724 = 0. Suppose -397 = 11*n - s. What are the prime factors of n?
11, 17
Let w(u) = -u**3 + 10*u**2 - 11*u - 2. Let n be w(9). Let y = n + 22. Suppose 84 = 2*p + y*p. List the prime factors of p.
3, 7
Suppose 4*j - 5 = w + 2, -3*w = -j - 34. Let m = w - 11. Suppose -m*s + 27 = 9. List the prime factors of s.
3
Suppose 3483 = 2*q + 2*t - 4183, -3*t - 15325 = -4*q. What are the prime factors of q?
2, 479
Let h be 27/(-2)*20/(-15). Let y be 4/6 + 438/h. What are the prime factors of 5/y + 327/15?
2, 11
Let s be ((-8)/(-10))/(9/45). Let b be (s - 0) + (-3)/1. List the prime factors of ((-1)/b)/((-3)/174).
2, 29
List the prime factors of (547/4)/(11 - 129/12).
547
Let t(h) = 2*h**2 + 12*h + 2. Let z be t(-6). Let u(n) = 10*n**3 - 2*n**2 - n. List the prime factors of u(z).
2, 5, 7
Suppose k - 2*k = -6. Suppose k*a = 4*a + 54. Suppose -a = -3*q - 2*q + o, 3*q - 27 = -3*o. List the prime factors of q.
2, 3
Suppose -5*w + 1 = -14. Let u(d) = d - 3. Let x be u(w). Suppose x = 2*g + c - 16, g - 3*c - 18 - 4 = 0. List the prime factors of g.
2, 5
List the prime factors of -1 + 3 - 8/(32/(-1692)).
5, 17
Suppose -b + 378 = 2*b. Let c = 59 + -13. Let u = b - c. List the prime factors of u.
2, 5
Suppose 0 = -5*y - 100 - 110. Let o be (56/y)/((-4)/6). Suppose -83 = -o*d + 9. List the prime factors of d.
2, 23
Let j(n) be the second derivative of -n**5/20 + n**3/2 + n**2/2 + 2*n. Let z be j(-2). Suppose -z*u - 2*u = -45. List the prime factors of u.
3
Let u = 96 + -6. Suppose 3*g - u = 2*g. List the prime factors of g.
2, 3, 5
Suppose 83*q + 3809 = 88*q - 2*x, 2*x + 2287 = 3*q. What are the prime factors of q?
761
Let w be (-86904)/120 + 8/(-10). List the prime factors of (w/15 - 5)/((-6)/27).
2, 3, 5
Let i(b) = -b**3 + 3*b**2 + b - 2. Let q be i(-2). List the prime factors of (-4 - (-44)/q)*-24.
2, 3, 5
Let c(h) = 16 - h**2 + 1 + 26. List the prime factors of c(0).
43
Suppose 0*h + 22 = 2*h. Suppose -3*b = -2*b - h. Let r(x) = x + 2. What are the prime factors of r(b)?
13
List the prime factors of 9 + 6277 + 10 - 0/3.
2, 787
Let p = 3 - 5. Let n(f) = -f**3 - f**2. Let t be n(p). Suppose -3*w + t*w - 24 = 0. List the prime factors of w.
2, 3
Let i(j) = 6*j**3 + 2*j**2 - 4*j + 4. Let a(r) = -r**2 - r + 2. Let u be a(0). Suppose 2*o = -5*d + 6*o - 6, 8 = u*o. List the prime factors of i(d).
2, 13
Suppose -1310 = -3*a + 4*n, -2*n = 14*a - 18*a + 1740. What are the prime factors of a?
2, 7, 31
Let c(w) = 93*w**3 - 2*w + 2. List the prime factors of c(2).
2, 7, 53
Let n be -1*((-66)/15 + 2/5). Let y = 14 + -7. Suppose n*j - y - 89 = -4*c, j = 5*c. What are the prime factors of j?
2, 5
Let i = -896 + 1567. List the prime factors of i.
11, 61
Suppose 2*c + 3 + 3 = 0, -2*m - 5*c = 1. Let g(p) = -p - 3 + m + 2*p. List the prime factors of g(7).
11
Let a(j) = 18*j + 60. Let y be a(27). Let c = y - 257. What are the prime factors of c?
17
Let t = 3506 + -2216. List the prime factors of t.
2, 3, 5, 43
Suppose 4*z = 7*z - 6. Suppose -6 = z*t - 5*t. Suppose -6*m + 152 = -t*m. List the prime factors of m.
2, 19
Let r be 5 - 6 - (-1 + -2 + 0). Suppose 5*x - 65 = 5*g, -r*x + 8 = -5*g - 6. What are the prime factors of x?
17
Let w(n) = -n**3 + 15*n**2 - 10*n - 18. Let k be ((-28)/(-6))/(3/9). Let q be w(k). Suppose -2*f = -7*f + 2*z + 190, -f - 2*z = -q. List the prime factors of f.
2, 19
Suppose -3*c + 46 = -8. Suppose -42 = -3*s - c. What are the prime factors of s?
2
Suppose -21 - 231 = -3*d. Let y = -23 + d. What are the prime factors of y?
61
Let d = 4973 + -3459. What are the prime factors of d?
2, 757
Suppose -34*p + 8*p = -11934. List the prime factors of p.
3, 17
Suppose -6*c = -3*c - 9. Suppose 5*i - 400 = i. Suppose 7*x - i = c*x. What are the prime factors of x?
5
Let k = 74 + -46. Suppose 5*i = -f + 27, -3*i - 5*f + 21 = -2*f. Suppose -i*z + z = -k. List the prime factors of z.
7
Let f be 8 - 2 - (1 - 1). Suppose 25 = -h + f*h. Suppose 3*b - b = -5*j + 65, 5*b - 75 = h*j. List the prime factors of b.
2, 5
Let d(m) = -2*m - 19. Let b be d(-11). Suppose -17 = -4*u + b. Suppose 8*i - u*i = 69. What are the prime factors of i?
23
Suppose 1128 = -4*j - 14*z + 10*z, 3*z = 2*j + 549. Let h = j - -469. List the prime factors of h.
2, 5, 19
Suppose -34 = -4*h + 2*u, 2*h - 2*u = h + 1. Let g(c) = -c**2 - 6*c + 3. Let m be g(-7). Let x = m + h. What are the prime factors of x?
7
Suppose 2*r + 2*d = 6*r - 166, 3*r - 5*d - 114 = 0. Let q = r - 36. What are the prime factors of q?
7
Let l be 1/5 - 1210/50. Suppose 2*c - 50 = c. Let v = l + c. What are the prime factors of v?
2, 13
Let f(n) = 5*n - 2. Let c be f(2). Let h(r) = 3*r - 6. Let k be h(5). Suppose 3*l - 33 + k = b, -4*b - c = -l. List the prime factors of l.
2
Let s be 4*(2 - (-3 - -6)). Let f = s - -5. What are the prime factors of 1/(f*(-4)/(-136))?
2, 17
Let u(n) = -n**2 - 6*n + 7*n + 3*n + 4. Let s be u(4). Suppose 5*k - 37 = -5*a + 3, 0 = 4*k - s*a - 32. What are the prime factors of k?
2
Suppose 0 = 5*r + 5*l - 380, 0*l + 2*l = -8. Suppose -f + 185 = -6*f. Let u = f + r. List the prime factors of u.
43
Let r = -121 - -109. What are the prime factors of (-3)/(-10)*(-32)/r*305?
2, 61
What are the prime factors of (-6687)/(-117) + (-3)/((-156)/(-8))?
3, 19
Suppose 3*v - 2*s = 355, 4*s - 59 = -v + 50. Let a = -41 + v. What are the prime factors of a?
2